= 3*r. Suppose -5*u = -5*z - 115 - 110, -4*u = z - 200. Let o = u + r. Is o prime?
False
Suppose 8 = 4*t, -3*c + 2*t + 665 = -0*c. Is c prime?
True
Let i be (-1)/(-5) - (-4)/5. Is 5 + -2 + 15 + i a prime number?
True
Let f(m) = m + 14. Let t be f(-12). Suppose 615 = 5*s + 4*k, -5*s + t*k + 806 = 161. Is s a composite number?
False
Suppose 5*t = -j + 3359, 4*j - j = -3. Suppose -t - 143 = -5*r. Is r composite?
False
Let z(o) = -18*o + 1. Let q be z(2). Let v = q - -72. Is v composite?
False
Let x = 4 + -2. Suppose 5*i = -x*n + 39, -5*i - 2*n - n = -36. Is 1020/27 - (-2)/i composite?
True
Let g(v) = 3*v**2 - 32*v + 44. Is g(29) a prime number?
False
Let c(q) = 2*q**3 - 3*q**2 + 5*q - 3. Let d be c(5). Let v = d - 106. Is v prime?
False
Suppose 0*v = 4*v - 12. Suppose 3*g + 4*p = 156, 2*g - p = -v*g + 283. Let y = g - 23. Is y composite?
True
Suppose 138 = 4*b - 5*c + 3*c, -1 = -c. Is b composite?
True
Is 225/(-2 + 9/4) + 1 composite?
True
Let m = 40 + 137. Is m a prime number?
False
Let a(d) = 13*d - 4. Let w = 7 - -8. Is a(w) a composite number?
False
Let r(v) = v**2 - 5*v - 5. Let f be r(-4). Suppose -2*h + 5*w + 26 = 0, -f = -4*h - h + 4*w. Suppose -h*o - o = -148. Is o prime?
True
Let z = -53 + -34. Let p = -34 - z. Is p a prime number?
True
Suppose -x - 5*w = 2*x + 565, -5*w = 4*x + 750. Suppose 226 + 364 = -5*u. Let z = u - x. Is z prime?
True
Let l be (-9)/6*50/(-15). Suppose 0 = 5*t - 3*t - l*x - 571, 0 = 3*t + 3*x - 888. Is t a composite number?
False
Suppose -4 = -2*v + 6. Suppose 0 = -3*i + 5*i - 4*p - 20, -2*i + 22 = -v*p. Suppose 3*w = 2*c - 53, 4*c + i*w = w + 139. Is c a prime number?
True
Suppose 4*l - 4*p - 10516 = 0, -p - 6680 - 1207 = -3*l. Is l a prime number?
False
Let w(j) = -3*j**2 + 3 - 1 - 2*j**3 - 3*j + 2 - 2*j**2. Is w(-3) prime?
False
Let v(i) = -i**3 - 8*i**2 + 4. Let a be v(-8). Suppose -5*x = a*s + 40, 2*s + 24 = -x - 2*s. Is (0 - x)*(-37)/(-4) prime?
True
Let j be 2 + 1 - (2 + 1). Suppose j = 5*l + 5*a - 485, 4*l + 4*a - a - 383 = 0. Suppose 3*f - f - l = 0. Is f prime?
False
Let g be (-11)/(44/(-48)) + 0. Is (212/g)/((-3)/(-9)) a prime number?
True
Suppose -a - 4*b = -4*a + 1405, 2*a + 4*b = 930. Suppose 3*k = a - 86. Is k prime?
True
Let p(h) = -6*h - 4. Let o(i) = 7*i + 5. Let b(n) = 3*o(n) + 4*p(n). Let m be b(-1). Is 0 + 1 - (-4)/m composite?
False
Suppose -10 = a - 5. Is 1*12*a/(-10) composite?
True
Let q(z) = -z**2 - 8*z + 1. Let y(p) = -2*p + 4. Let h be y(5). Is q(h) prime?
True
Let v = 843 + -576. Is v composite?
True
Let m(t) = t + 6. Let b be m(-4). Suppose 0*g = -b*g + 130. Suppose 0 = 3*i - g - 100. Is i composite?
True
Suppose -3*y = 2*w - 2795, 0*w + 4*w - 5*y = 5601. Is w composite?
False
Suppose 5*p + 531 = 3*u, 3*u + 2*p + 223 = 733. Suppose -u = -n - 3*n. Is (-2)/(-8) + n/4 prime?
True
Suppose -p = -4 + 5. Let w(n) = -21*n + 1. Let v be w(p). Is -1 - (2 - (v + 3)) prime?
False
Let c = -961 + 1454. Suppose 4*m - 3*w - c = 0, -3*m + 2*w = w - 376. Is m prime?
True
Let z(r) = -2*r + 3 - 3. Let t be z(1). Is (-2 - (2 + t)) + 23 a composite number?
True
Suppose 3*b - 4*m - 365 = 0, b + m - 130 = 4*m. Let x be (-10 - 0)*24/5. Let v = b + x. Is v prime?
True
Suppose -y - 4*l - l = 0, y - 2*l = 0. Is ((-417 + y)/3)/(-1) a composite number?
False
Let b be 2/(-11) + (-57)/(-11). Suppose -2 = t - b. Suppose -6 - 12 = -t*z. Is z prime?
False
Let z = 357 + -183. Suppose -3*x - 21 + z = 0. Is x prime?
False
Suppose -4*s + 433 = 105. Is s composite?
True
Suppose -5*t = -384 - 181. Is t prime?
True
Let z = -321 + 585. Suppose 0 = 2*s + s + z. Let h = -63 - s. Is h composite?
True
Let k(j) = 2*j + 14. Let c be k(-10). Suppose 0 = -f - 4*b - 401, 2*f + 0*f = 3*b - 747. Is (4/c)/(2/f) a composite number?
False
Let x(n) = n**3 + 4*n**2 - 3*n. Let b be x(-5). Let r = 17 - b. Let f = 88 + r. Is f a prime number?
False
Suppose 18*g + 96 - 1302 = 0. Is g prime?
True
Suppose 20*z + 1137 = 23*z. Is z a composite number?
False
Suppose -2*t = -3*c - 3126, 5*t + 2*c - 7061 - 754 = 0. Is t composite?
True
Let m be (-2)/1 + 4/1. Suppose w - 141 = -m*w. Is w a prime number?
True
Suppose 2*l = -2*l + 296. Suppose 4*y - 2 = i, -5*i - 4*y + l = -3*y. Is i a prime number?
False
Suppose z = -z + 30. Suppose -59 = -4*v - z. Is v a composite number?
False
Let s = -344 + 725. Is s a composite number?
True
Let a = -1746 + 540. Let i = -835 - a. Is i a prime number?
False
Let r be (4/(-2))/(5/(-45)). Let g = r - 11. Is g prime?
True
Let v = 1 - -4. Let m(x) = x + 8. Let r be m(-6). Suppose 0 = -0*o + o + r*n - 16, -v*o + 145 = -3*n. Is o a prime number?
False
Suppose 2*d - 177 = -n, 5*n = d + 3*d + 899. Is n a composite number?
False
Suppose 3*p - p - 1985 = -w, -4*w + 2*p = -7980. Is w a composite number?
False
Suppose 0*g = 2*g + 4, g = 4*i - 10. Is 1614/12*(i + 0) a composite number?
False
Let c = 123 - -88. Is c prime?
True
Let r(j) = -j**2 + 26*j + 14. Let a(n) = n**3 + 6*n**2 + 2*n - 1. Let l be a(-2). Is r(l) prime?
True
Suppose -209 = -2*p + 293. Is p prime?
True
Is 15775/10*(-2 + 0)*-1 composite?
True
Suppose 2 = -4*d + 2*d. Let y be d/((-15)/6 + 2). Is (110/6)/(y/6) prime?
False
Let o be (-3)/((3/(-20))/1). Let m be o/((6/(-4))/(-3)). Let i = 15 + m. Is i a composite number?
True
Let g(x) = x**3 + x**2 - x. Let n(s) = 3*s**3 - 2*s**2 - 7*s - 1. Let h(m) = 2*g(m) - n(m). Let b = -5 - -9. Is h(b) a prime number?
False
Let f(g) = 3*g**2 - 3*g - 6. Let p(x) = -24*x**2 + 24*x + 48. Let h(j) = 33*f(j) + 4*p(j). Let z be h(-7). Let l = z + -107. Is l prime?
False
Let q = 1412 - 919. Is q a composite number?
True
Let h be 2*(-2)/((-12)/621). Let p = -62 + h. Is p a prime number?
False
Suppose 0 = -3*p - 3. Let k(i) = 47*i**2 + i. Is k(p) composite?
True
Let d = -14 + 23. Let c = 23 - d. Is c a prime number?
False
Suppose 4*f - 834 - 426 = 0. Let o = -218 + f. Is o composite?
False
Suppose 9*j = 10*j - 34. Is j a prime number?
False
Suppose 2*w + 8 = 34. Suppose 3*u - w + 1 = 0. Suppose -5*i = 0, -u*l = i + i - 100. Is l composite?
True
Let n(p) = -15*p - 8. Is n(-9) composite?
False
Is ((-226)/(-3))/((-10)/(-75)) composite?
True
Let v(i) = 8*i - 2. Let g = 0 + 2. Is v(g) prime?
False
Suppose -2*z + 1964 = 2*z + 4*w, 0 = -z - 2*w + 495. Is z a composite number?
False
Suppose 7*a = 2*a - 185. Let m = 60 + a. Is m composite?
False
Let b(c) = -9*c**3 + 7*c**2 + 10*c + 5. Is b(-4) a prime number?
True
Let v = 86 + 137. Is v composite?
False
Let t be -2 + (-1 - -1) + 6. Suppose 3*y + 65 = t*y. Let d = 96 - y. Is d a composite number?
False
Let d(c) = c**3 + 2*c**2 - 2*c + 3. Let k be d(-3). Suppose k = 6*h - 11*h - l + 570, 3*h = l + 350. Is h prime?
False
Let v = -4 - -4. Suppose q - 4*f - 73 = 0, q - f - 61 - 15 = v. Is q a composite number?
True
Let r(f) be the second derivative of 7*f**3/2 + 2*f**2 - f. Let s be (-6)/(-1)*(-5)/(-10). Is r(s) a composite number?
False
Let p = 23 - 10. Let o = p - 4. Is 3*2*o - 1 prime?
True
Let s(i) = -i**3 + 9*i**2 - i + 3. Is s(8) a prime number?
True
Let z be (39/(-2))/((-9)/24). Let h(o) = -o + z*o**2 - 2 + 2. Is h(-1) a composite number?
False
Let p be 0 - (0 + (-230)/2). Suppose q = -2*q + 3*t + 105, 3*q + 2*t = p. Is q composite?
False
Let h be 2 - (-8 + 0 + 0). Is 3*h + 1 - -3 a composite number?
True
Let v = 1 + -3. Let m be (-1)/((-1)/v)*1. Is (33/(-6))/(m/28) prime?
False
Let y = -49 + 95. Suppose -d = -3*x - 60 - 10, -2*x = -d + y. Let o = 15 - x. Is o a composite number?
True
Let o = 15 - 9. Let u be (-2 - -3)*54 + -4. Suppose 5*x = -3*s + u, -s + 3*x = -x + o. Is s prime?
False
Let h = 77 + -118. Let d(u) = -46*u + 2. Let l be d(3). Let t = h - l. Is t composite?
True
Suppose -h + 6 = h, 0 = -4*b - 3*h + 1. Is (53/b)/(-1)*14 composite?
True
Suppose -4*d = d - 5*j - 11525, -3*d + 2*j + 6917 = 0. Is d a composite number?
True
Suppose 0*s = 2*s - 34. Let n = s - 7. Is n prime?
False
Let s = -2 - -2. Suppose o + 0 = -4, s = 3*n - o - 253. Is n a prime number?
True
Let w(i) = -4*i - 7. Is w(-11) a composite number?
False
Is 6604/(-12)*-3 - 0 a prime number?
False
Let a(r) = 19 + 108 + 8*r - 5*r. Is a(0) prime?
True
Let t(s) = 2*s**3 + s**2 - s + 4. Let x(v) = -v**2 + v. Let h(l) = -t(l) - 3*x(l). Is h(-3) a prime number?
False
Suppose -705 = -0*h - 3*h. Is h prime?
False
Let z(h) = 5*h + 2